)/(-3) - 50/g?
9
Suppose 4*u - 4*c = -2*c + 14, 0 = u - c - 5. Let j(b) = -8*b + 1 + 3*b**2 - u*b**2 + 2*b**2 - 2*b**2. What is the units digit of j(9)?
0
Suppose -2*n = -4*v - 38, -3*n + 0*v - 4*v + 67 = 0. What is the tens digit of n?
2
Suppose -2*j - 6*j = -664. What is the units digit of j?
3
Suppose -5*v + 0*v = -105. Let x = 35 - v. What is the tens digit of x?
1
Let x = 7 + -7. What is the units digit of 1*(x - -3 - 0)?
3
Suppose x - 3*x = -72. What is the units digit of x?
6
Let m be (-18)/27*(16 + -1). Let t be (-1)/(-1 + 2 - 2). Let i = t - m. What is the units digit of i?
1
Suppose -2*r = 4*f - 4*r + 8, -f + 5*r - 20 = 0. Suppose -o + f*o = -4. What is the units digit of (o/(-6))/(1/(-9))?
6
Suppose 3*c + 50 = -2*c. Let a = 14 + c. Suppose -u + 2*u = -5, -3*u = d + a. What is the tens digit of d?
1
Suppose -4*b - 22 = -6. Let w = 5 + b. Let j(k) = 10*k + 1. What is the tens digit of j(w)?
1
Let t(n) = n**3 + 11*n**2 - 9*n + 20. What is the hundreds digit of t(-10)?
2
Let g(k) = -k**3 + 9*k**2 - 7*k + 5. What is the units digit of g(7)?
4
Let d(k) = 57*k - 22. What is the units digit of d(3)?
9
Suppose -4*y + 3*z + 15 = -y, -y + 10 = 4*z. Let d be 254/(-4) + y/(-4). What is the units digit of 10/d + (-134)/(-26)?
5
Suppose 0 = 7*p - 3*p - 16. Suppose -p*v + 26 = 3*x, -82 = -5*x - 0*v + 3*v. What is the tens digit of x?
1
Suppose 8*a = 4*a + 64. Let c be 1/4 + 31/4. Suppose f + 4 - a = -5*j, f - c = -3*j. What is the units digit of f?
2
Let b = 4 + -4. Suppose b = 5*j + 15, 2*j = l + 5*j + 6. Suppose 7 = 4*m - 5*t, -6*t - 9 = -4*m - l*t. What is the units digit of m?
3
Let x be 24/(-9)*21/2. What is the units digit of (-44)/x - (-6)/14?
2
Let w(m) = -2*m**2 - 4*m + 0*m**2 - 5*m + m**2 + 6. What is the tens digit of w(-5)?
2
Let z = 4 - 3. Suppose 4*l - 25 = -z. Suppose 61 - l = 5*g. What is the tens digit of g?
1
Suppose 4*v + 38 = o, o + 3*v - 35 - 38 = 0. Let f be 10/(-15) + o/6. Suppose -4*t + f + 19 = 0. What is the units digit of t?
7
Suppose 4*m = -3*z + 31, 4*z + 24 = 5*m - m. Let f(k) = -3 - 7*k + m*k**2 - k**3 + 4 + 7. What is the units digit of f(6)?
2
What is the units digit of 30 - -4 - 0/(-2)?
4
Let q = 52 + 15. What is the tens digit of q?
6
Suppose -41*j - 184 = -43*j. What is the tens digit of j?
9
Suppose -7 = -3*w + 95. What is the tens digit of w?
3
Let u(x) = -x + 6. Let k be u(5). Let w = 0 + k. What is the units digit of w?
1
Suppose 3*j - 8 - 4 = 0. What is the tens digit of (j - (-6)/(-2))*11?
1
Let s be (-4)/(-8) - 1/(-2). Suppose s = -p + 19. What is the units digit of p?
8
Let p(h) = 2*h - 17. Let g be p(12). Let y(i) = 7*i + 3 + i**2 + 3*i**3 - 2*i**3 - 9*i**2. What is the units digit of y(g)?
3
Let y = -14 + 49. What is the units digit of y?
5
Suppose -i + 2*z - 2 = -48, -4*i + 144 = 2*z. What is the units digit of i?
8
Let n = 1 - 0. Suppose c = -2*f + n, -30 = -5*f + 3*c - 0*c. Let i = 9 - f. What is the units digit of i?
6
Let i = 78 - 47. What is the tens digit of i?
3
Let s be (-8)/20 - (-3)/(-5). Let y(h) = -16*h - 1. What is the units digit of y(s)?
5
Suppose 0*r = 4*r. Suppose -3*m + 5*i + 79 = -m, 3*m - i - 86 = r. Let u = m - 6. What is the units digit of u?
1
Let z be (-48)/21 + 4/14. Let f(c) be the second derivative of c**5/20 + c**4/6 - c**3/2 - c**2/2 + 5*c. What is the units digit of f(z)?
5
Let h(w) = w**3 - w**2 - 2*w + 3. Let i be h(2). Let j = i + -3. Suppose j = 4*s + 21 - 85. What is the tens digit of s?
1
Let p be 2*(-2)/6*-6. Let j be 1/1*(-8)/p. Let n = -1 - j. What is the units digit of n?
1
Suppose 0*s = 3*s + 42. Let i = s - -28. What is the tens digit of i?
1
Let n = -162 + 298. What is the units digit of n?
6
Let p = 2 + -4. What is the units digit of (p - -3 - -3) + 2?
6
Suppose 6 = -g - 2*g. Let k(n) = -n + 1. Let p be k(g). Suppose -p*j + 7 = 1. What is the units digit of j?
2
Suppose -5*i + 54 = -346. Suppose -7*w + 5*w + i = 0. What is the units digit of w?
0
Let x be -12 + 1 + (-1 - 0). Let b be (-8 + 0)*x/(-16). What is the units digit of 14/3 + (-2)/b?
5
Let o be (1 - 0) + (-8)/1. Let i = 4 - o. What is the units digit of i?
1
Let y = -15 + -41. What is the tens digit of (y/10)/(26/(-65))?
1
What is the hundreds digit of -1*(5 - (-549)/(-3))?
1
Suppose 3*z = 21 + 21. What is the units digit of z?
4
Suppose 0 = -2*x + 5*y - 29 + 144, 124 = 2*x + 4*y. What is the units digit of x?
0
Let w(q) = -4*q**3 + q**2 + 2. Let b(o) = -o**2 - 6*o. Let l be b(-7). Let r(n) = 2*n**3 - 1. Let y(h) = l*r(h) - 3*w(h). What is the units digit of y(-2)?
5
Let i(g) = -g**2 - 6*g + 5. Let r be i(-6). Suppose 0 = r*x - 8 + 3. What is the units digit of (-4 - -5)/(x/7)?
7
Suppose -17 = -u + 2*c - c, -4*c = -2*u + 40. Let p(j) = -j**2 + 14*j + 14. What is the tens digit of p(u)?
1
Let g = 4 - 5. Let w = -1 - g. What is the units digit of 1 - w - 0 - 0?
1
Let i(x) = -x**3 + 2*x**2 + 12*x + 4. What is the hundreds digit of i(-5)?
1
What is the units digit of (6/4)/((-3)/(-508))?
4
What is the units digit of (15/(-5))/((-3)/10)?
0
Let s = -27 + 300. Let n = -153 + s. What is the units digit of ((-2)/(-5))/(6/n)?
8
Let x(b) = 5*b + 4 - 1 - 3*b**2 + 0. Let o(m) = m**2 - 2*m - 1. Let g(l) = -5*o(l) - 2*x(l). What is the units digit of g(-2)?
3
Let j(n) = 3*n**2 + 1. Let y be j(-3). Let q = -19 + y. What is the units digit of q?
9
What is the units digit of (-68)/(-18) + 8/36?
4
Let y = 66 + 31. What is the tens digit of y?
9
Suppose z = 2*u + 4*z - 16, 2*z - 8 = 0. Suppose -18 = -5*d + u. Suppose -d*q = -64 + 4. What is the tens digit of q?
1
Let k be 1/(-1)*(-8)/4. Suppose 5*b = -3*l + b + 26, -3*b = k*l - 19. What is the units digit of l?
2
Let i(o) = o + 16. What is the tens digit of i(13)?
2
Let f(q) = -4*q - 7. Let s be f(-7). Suppose 5*c - 4*z - 35 = -9*z, c + 3*z = 3. Suppose s - c = 4*j. What is the units digit of j?
3
Let p be 2/6 + 5/3. Let f be (-4)/(-26) + (-2)/13. Suppose u + f = p. What is the units digit of u?
2
Suppose -12 = 4*o - o. Let l = -4 - o. Suppose 4*j - 5 - 11 = l. What is the units digit of j?
4
Let a = 315 - 172. What is the tens digit of a?
4
What is the tens digit of ((-12)/(-3))/(-8)*-34?
1
Let b(d) = -d**3 - 8*d**2 - 8*d - 4. What is the units digit of b(-8)?
0
Let b be (1 - (-2 + 3))/(-1). Let p = 10 - 6. Suppose -l + p*l - 18 = b. What is the units digit of l?
6
Let b be (-16)/4*(-1)/1. What is the units digit of 73/4 + (-1)/b?
8
Let t = 2 - 5. What is the units digit of 1/t*-3*18?
8
Let l = 181 + -87. What is the tens digit of l?
9
Let o be 1/(-3)*(12 + -3). What is the tens digit of ((-248)/12)/(2/o)?
3
Let w be 1/(-2) - 2/(-4). Suppose w = -j - 4*j + 105. What is the units digit of j?
1
What is the units digit of (-1)/(3 + 264/(-87))?
9
Suppose 0 = -4*f + 2 + 10. Suppose -f*h + 12 = h. Suppose -22 = -h*j - 4*b, -b - 10 = j - 4*b. What is the units digit of j?
2
Suppose -m = u - 8, -u = -m - 11 + 1. What is the tens digit of -9 + u + (-44)/(-2)?
2
Let t = -3 + 6. Let c(u) = u**3 - 3*u**2. Let h be c(t). What is the units digit of 2 + h + 3/3?
3
Let q = 2 - 9. What is the tens digit of (-10)/(-35) - 75/q?
1
Let l = 330 - 164. What is the units digit of l?
6
Suppose -c - 7 = 5*l + 5, c - 20 = 3*l. Suppose 5*k - k = c. What is the units digit of k?
2
Let u be 1*26 - (-10)/(-5). Let j = -10 + u. Suppose s = -5 + j. What is the units digit of s?
9
Let u = 6 + -4. Suppose -5*a + u*a - 4*s + 28 = 0, 3*s + 13 = 2*a. What is the units digit of a?
8
Let o(p) = -p**2 - 4*p + 7. Let a be o(-5). Suppose 0*h - 5*w = -a*h + 45, 4*h + w = 145. What is the tens digit of h?
3
Let q(a) = 2*a - 12. Let t be q(9). Let j be (-2)/6 + 2/t. Suppose j = 5*w - 0*w - 15. What is the units digit of w?
3
Let z = 43 + -31. Suppose -5*i + 22 = 3*a, -4*i + 2*i = -2*a - z. Let d = 0 - a. What is the units digit of d?
1
Suppose -2*f = -5*o + 3*f, -3*o + 2*f + 1 = 0. What is the tens digit of (-2 + 0 + o)*-16?
1
Let h = 14 - -22. What is the tens digit of h?
3
Let f(z) = -z**2 - 16*z. Let j be f(-14). Suppose 0 = l + 4*l - 20. Suppose 0 = -5*c - 0*c + l*a + j, 0 = c + 3*a + 2. What is the units digit of c?
4
Suppose -m = -6*m + 60. What is the tens digit of m?
1
Let u be 2*3 - (3 + -2). Suppose -u*r - t + 10 = 0, -2*t = 5*r - 4 - 11. Suppose 4*a - 9 + r = 0. What is the units digit of a?
2
Supp